{"id":107,"date":"2016-01-15T11:40:02","date_gmt":"2016-01-15T11:40:02","guid":{"rendered":"http:\/\/www.martini-mediation.de\/?page_id=107"},"modified":"2016-03-07T10:20:12","modified_gmt":"2016-03-07T10:20:12","slug":"die-rolle-des-mediators","status":"publish","type":"page","link":"https:\/\/www.martini-mediation.de\/?page_id=107","title":{"rendered":"Die Rolle des Mediators"},"content":{"rendered":"\n<style type=\"text\/css\" data-created_by=\"avia_inline_auto\" id=\"style-css-av-av_three_fourth-345fe5fa34aee26333e618fc95f0011f\">\n.flex_column.av-av_three_fourth-345fe5fa34aee26333e618fc95f0011f{\nborder-radius:0px 0px 0px 0px;\npadding:0px 0px 0 25%;\n}\n<\/style>\n<div  class='flex_column av-av_three_fourth-345fe5fa34aee26333e618fc95f0011f av_three_fourth  avia-builder-el-0  el_before_av_heading  avia-builder-el-first  first flex_column_div  '     ><style type=\"text\/css\" data-created_by=\"avia_inline_auto\" id=\"style-css-av-av_image-46cb65dd7c8f6edd75431222fd3e3718\">\n.avia-image-container.av-av_image-46cb65dd7c8f6edd75431222fd3e3718 img.avia_image{\nbox-shadow:none;\n}\n.avia-image-container.av-av_image-46cb65dd7c8f6edd75431222fd3e3718 .av-image-caption-overlay-center{\ncolor:#ffffff;\n}\n<\/style>\n<div  class='avia-image-container av-av_image-46cb65dd7c8f6edd75431222fd3e3718 av-styling- avia-align-center  avia-builder-el-1  avia-builder-el-no-sibling '   itemprop=\"image\" itemscope=\"itemscope\" itemtype=\"https:\/\/schema.org\/ImageObject\" ><div class=\"avia-image-container-inner\"><div class=\"avia-image-overlay-wrap\"><img decoding=\"async\" fetchpriority=\"high\" class='wp-image-160 avia-img-lazy-loading-not-160 avia_image ' src=\"https:\/\/www.martini-mediation.de\/wp-content\/uploads\/2016\/02\/Mediation-2-1500x630.jpg\" alt='' title='Mediatiorin Katharina Martini'  height=\"630\" width=\"1500\"  itemprop=\"thumbnailUrl\"  \/><\/div><\/div><\/div><\/div>\n\n<style type=\"text\/css\" data-created_by=\"avia_inline_auto\" id=\"style-css-av-av_heading-0acceb77aae60d0051d5b31d026b5240\">\n#top .av-special-heading.av-av_heading-0acceb77aae60d0051d5b31d026b5240{\npadding-bottom:20px;\ncolor:#83a846;\n}\nbody .av-special-heading.av-av_heading-0acceb77aae60d0051d5b31d026b5240 .av-special-heading-tag .heading-char{\nfont-size:25px;\n}\n.av-special-heading.av-av_heading-0acceb77aae60d0051d5b31d026b5240 .special-heading-inner-border{\nborder-color:#83a846;\n}\n.av-special-heading.av-av_heading-0acceb77aae60d0051d5b31d026b5240 .av-subheading{\nfont-size:15px;\n}\n<\/style>\n<div  class='av-special-heading av-av_heading-0acceb77aae60d0051d5b31d026b5240 av-special-heading-h3 custom-color-heading blockquote modern-quote  avia-builder-el-2  el_after_av_three_fourth  el_before_av_textblock '><h3 class='av-special-heading-tag'  itemprop=\"headline\"  >Die Rolle des Mediators<\/h3><div class=\"special-heading-border\"><div class=\"special-heading-inner-border\"><\/div><\/div><\/div>\n<section  class='av_textblock_section av-av_textblock-0366cc7376be6c9e82a3e9cc8987b64f '   itemscope=\"itemscope\" itemtype=\"https:\/\/schema.org\/CreativeWork\" ><div class='avia_textblock'  itemprop=\"text\" ><p><strong>Der Mediator<\/strong><\/p>\n<ul>\n<li>strukturiert das Verfahren und regelt die Kommunikation<\/li>\n<li>unterst\u00fctzt die Beteiligten gleicherma\u00dfen<\/li>\n<li>verh\u00e4lt sich neutral und nimmt keine Bewertungen vor<\/li>\n<li>verhilft den Beteiligten, die eigenen Bed\u00fcrfnisse zu erkennen<\/li>\n<li>fungiert als Br\u00fccke oder \u00dcbersetzer f\u00fcr die jeweiligen Anliegen und Beweggr\u00fcnde<\/li>\n<li>versucht, gegenseitiges Verstehen zu erm\u00f6glichen<\/li>\n<li>verf\u00fcgt nicht \u00fcber Entscheidungshoheit und dr\u00e4ngt keine L\u00f6sungen auf<\/li>\n<li>unterst\u00fctzt die Parteien, ihre L\u00f6sung eigenverantwortlich und einvernehmlich zu erarbeiten<\/li>\n<\/ul>\n<\/div><\/section>\n","protected":false},"excerpt":{"rendered":"","protected":false},"author":1,"featured_media":0,"parent":44,"menu_order":3,"comment_status":"closed","ping_status":"closed","template":"","meta":{"footnotes":""},"_links":{"self":[{"href":"https:\/\/www.martini-mediation.de\/index.php?rest_route=\/wp\/v2\/pages\/107"}],"collection":[{"href":"https:\/\/www.martini-mediation.de\/index.php?rest_route=\/wp\/v2\/pages"}],"about":[{"href":"https:\/\/www.martini-mediation.de\/index.php?rest_route=\/wp\/v2\/types\/page"}],"author":[{"embeddable":true,"href":"https:\/\/www.martini-mediation.de\/index.php?rest_route=\/wp\/v2\/users\/1"}],"replies":[{"embeddable":true,"href":"https:\/\/www.martini-mediation.de\/index.php?rest_route=%2Fwp%2Fv2%2Fcomments&post=107"}],"version-history":[{"count":7,"href":"https:\/\/www.martini-mediation.de\/index.php?rest_route=\/wp\/v2\/pages\/107\/revisions"}],"predecessor-version":[{"id":225,"href":"https:\/\/www.martini-mediation.de\/index.php?rest_route=\/wp\/v2\/pages\/107\/revisions\/225"}],"up":[{"embeddable":true,"href":"https:\/\/www.martini-mediation.de\/index.php?rest_route=\/wp\/v2\/pages\/44"}],"wp:attachment":[{"href":"https:\/\/www.martini-mediation.de\/index.php?rest_route=%2Fwp%2Fv2%2Fmedia&parent=107"}],"curies":[{"name":"wp","href":"https:\/\/api.w.org\/{rel}","templated":true}]}}