{"id":109,"date":"2016-01-15T11:40:50","date_gmt":"2016-01-15T11:40:50","guid":{"rendered":"http:\/\/www.martini-mediation.de\/?page_id=109"},"modified":"2016-03-07T10:21:02","modified_gmt":"2016-03-07T10:21:02","slug":"was-spricht-fuer-eine-mediation","status":"publish","type":"page","link":"https:\/\/www.martini-mediation.de\/?page_id=109","title":{"rendered":"Was spricht f\u00fcr eine Mediation?"},"content":{"rendered":"\n<style type=\"text\/css\" data-created_by=\"avia_inline_auto\" id=\"style-css-av-av_three_fourth-345fe5fa34aee26333e618fc95f0011f\">\n.flex_column.av-av_three_fourth-345fe5fa34aee26333e618fc95f0011f{\nborder-radius:0px 0px 0px 0px;\npadding:0px 0px 0 25%;\n}\n<\/style>\n<div  class='flex_column av-av_three_fourth-345fe5fa34aee26333e618fc95f0011f av_three_fourth  avia-builder-el-0  el_before_av_heading  avia-builder-el-first  first flex_column_div  '     ><style type=\"text\/css\" data-created_by=\"avia_inline_auto\" id=\"style-css-av-av_image-d83c2b2b310ec3accf0c55ef88919ae5\">\n.avia-image-container.av-av_image-d83c2b2b310ec3accf0c55ef88919ae5 img.avia_image{\nbox-shadow:none;\n}\n.avia-image-container.av-av_image-d83c2b2b310ec3accf0c55ef88919ae5 .av-image-caption-overlay-center{\ncolor:#ffffff;\n}\n<\/style>\n<div  class='avia-image-container av-av_image-d83c2b2b310ec3accf0c55ef88919ae5 av-styling- avia-align-center  avia-builder-el-1  avia-builder-el-no-sibling '   itemprop=\"image\" itemscope=\"itemscope\" itemtype=\"https:\/\/schema.org\/ImageObject\" ><div class=\"avia-image-container-inner\"><div class=\"avia-image-overlay-wrap\"><img decoding=\"async\" fetchpriority=\"high\" class='wp-image-164 avia-img-lazy-loading-not-164 avia_image ' src=\"https:\/\/www.martini-mediation.de\/wp-content\/uploads\/2016\/02\/Mediation-6-1500x630.jpg\" alt='' title='Mediation Erlangen'  height=\"630\" width=\"1500\"  itemprop=\"thumbnailUrl\"  \/><\/div><\/div><\/div><\/div>\n\n<style type=\"text\/css\" data-created_by=\"avia_inline_auto\" id=\"style-css-av-av_heading-915b23d63b0d15180f18b492da771798\">\n#top .av-special-heading.av-av_heading-915b23d63b0d15180f18b492da771798{\npadding-bottom:20px;\ncolor:#83a846;\n}\nbody .av-special-heading.av-av_heading-915b23d63b0d15180f18b492da771798 .av-special-heading-tag .heading-char{\nfont-size:25px;\n}\n.av-special-heading.av-av_heading-915b23d63b0d15180f18b492da771798 .special-heading-inner-border{\nborder-color:#83a846;\n}\n.av-special-heading.av-av_heading-915b23d63b0d15180f18b492da771798 .av-subheading{\nfont-size:15px;\n}\n<\/style>\n<div  class='av-special-heading av-av_heading-915b23d63b0d15180f18b492da771798 av-special-heading-h3 custom-color-heading blockquote modern-quote  avia-builder-el-2  el_after_av_three_fourth  el_before_av_textblock '><h3 class='av-special-heading-tag'  itemprop=\"headline\"  >Was spricht f\u00fcr eine Mediation?<\/h3><div class=\"special-heading-border\"><div class=\"special-heading-inner-border\"><\/div><\/div><\/div>\n<section  class='av_textblock_section av-av_textblock-0366cc7376be6c9e82a3e9cc8987b64f '   itemscope=\"itemscope\" itemtype=\"https:\/\/schema.org\/CreativeWork\" ><div class='avia_textblock'  itemprop=\"text\" ><ul>\n<li>Die Kosten sind kalkulierbar, der Zeitaufwand ist \u00fcberschaubar<\/li>\n<li>Mediation findet im gesch\u00fctzten Rahmen statt<\/li>\n<li>Die Parteien begeben sich nicht in Abh\u00e4ngigkeit anderer Entscheidungstr\u00e4ger, sondern handeln autonom<\/li>\n<li>L\u00f6sungen k\u00f6nnen auf die individuelle Situation und auf die individuellen Bed\u00fcrfnisse der Beteiligten zugeschnitten werden<\/li>\n<li>Einvernehmliche L\u00f6sungen erm\u00f6glichen Deeskalation und Vers\u00f6hnung, langj\u00e4hrige Beziehungen k\u00f6nnen aufrechterhalten werden<\/li>\n<li>Eigenverantwortlich erarbeitete L\u00f6sungen werden als fair empfunden, sie erh\u00f6hen die Akzeptanz und die Bereitschaft zur Umsetzung<\/li>\n<li>Am Ende der Mediation stehen nicht Gewinner und Verlierer, sondern gleichberechtigte Verhandlungspartner<\/li>\n<\/ul>\n<\/div><\/section>\n","protected":false},"excerpt":{"rendered":"","protected":false},"author":1,"featured_media":0,"parent":44,"menu_order":4,"comment_status":"closed","ping_status":"closed","template":"","meta":{"footnotes":""},"_links":{"self":[{"href":"https:\/\/www.martini-mediation.de\/index.php?rest_route=\/wp\/v2\/pages\/109"}],"collection":[{"href":"https:\/\/www.martini-mediation.de\/index.php?rest_route=\/wp\/v2\/pages"}],"about":[{"href":"https:\/\/www.martini-mediation.de\/index.php?rest_route=\/wp\/v2\/types\/page"}],"author":[{"embeddable":true,"href":"https:\/\/www.martini-mediation.de\/index.php?rest_route=\/wp\/v2\/users\/1"}],"replies":[{"embeddable":true,"href":"https:\/\/www.martini-mediation.de\/index.php?rest_route=%2Fwp%2Fv2%2Fcomments&post=109"}],"version-history":[{"count":6,"href":"https:\/\/www.martini-mediation.de\/index.php?rest_route=\/wp\/v2\/pages\/109\/revisions"}],"predecessor-version":[{"id":226,"href":"https:\/\/www.martini-mediation.de\/index.php?rest_route=\/wp\/v2\/pages\/109\/revisions\/226"}],"up":[{"embeddable":true,"href":"https:\/\/www.martini-mediation.de\/index.php?rest_route=\/wp\/v2\/pages\/44"}],"wp:attachment":[{"href":"https:\/\/www.martini-mediation.de\/index.php?rest_route=%2Fwp%2Fv2%2Fmedia&parent=109"}],"curies":[{"name":"wp","href":"https:\/\/api.w.org\/{rel}","templated":true}]}}